t b = -172 + 308. Suppose -26 = -4*y + g, 0*y + 2*g = -2*y + 18. Let j(f) = f**2 - 4*f - 4. Let a be j(y). What is the highest common divisor of a and b?
17
Let o(c) = 3*c + 180. Let g be o(-37). Let z = 283 + g. Suppose q = 0, -6*w - 3*q + 128 = -2*w. Calculate the greatest common factor of z and w.
32
Let q be (267 - 1)*(-8)/(-16). Calculate the greatest common divisor of q and 38.
19
Let c(z) = z**3 - 12*z**2 - 7*z + 48. Let d be c(14). What is the greatest common factor of d and 18?
18
Let t = -10 - -15. Suppose -t*g + 10 = -5*f - 30, 4*g + 3*f = 32. Let c(l) = -2*l + 20. Let n be c(6). What is the highest common factor of n and g?
8
Suppose -2*s - 192 = -3*o + s, 232 = 4*o + 2*s. Suppose -2*x = 3*f - 55, -2*f - 3*x + 56 = 11. What is the greatest common factor of o and f?
15
Let w(q) = -q + 17. Let f = -22 + 37. Let s be w(f). Suppose 0 = -z + 2*c + 11, -3*z = s*z - 5*c - 30. Calculate the greatest common divisor of 1 and z.
1
Suppose -4 = v - 3*v, 5*v - 230 = -4*l. Calculate the highest common factor of l and 1705.
55
Let n = -137 - -140. Suppose 0 = n*i + 10 - 43. What is the greatest common divisor of i and 33?
11
Let a be (-3190)/(-21) + 186/1953. What is the greatest common factor of 114 and a?
38
Let z(s) = 31*s + 37. Let y be z(2). Calculate the highest common divisor of y and 18.
9
Let g = -446 + 454. Suppose 4*v - 284 = -4*i - 0*v, -362 = -5*i + 2*v. What is the greatest common divisor of g and i?
8
Let y(x) = 21*x - 70. Let g be y(4). What is the greatest common factor of g and 133?
7
Let f(u) = u**3 - 7*u**2 + u + 6. Let b be f(7). Suppose -3*i + 6*x = 3*x - 153, 0 = -2*i + 5*x + 99. What is the highest common divisor of b and i?
13
Let x = 335 + -124. Suppose 5*u - 936 = -x. What is the greatest common factor of 58 and u?
29
Let l = -782 - -886. What is the highest common divisor of l and 16?
8
Suppose -5*z = -2*a + 14, -2*z = -8 + 4. Suppose -14*s + 84 = -a*s. What is the highest common factor of s and 462?
42
Let c(g) = -9 + 56*g + 5 - 8*g. Let q be c(3). What is the greatest common factor of 56 and q?
28
Let z be (9 - 5) + -12 - (-3 - 203). Let y = -4 + 22. Calculate the greatest common divisor of y and z.
18
Let w be (-1)/(2 + (-21)/9). Suppose -2 = -m, -w*x - 2*m + 3*m + 34 = 0. Let v be ((-78)/(-18))/(2/x). Calculate the greatest common divisor of 39 and v.
13
Let u = -90 + 126. Let b(s) = -s**2 - 10*s - 12. Let m be b(-3). Calculate the highest common divisor of u and m.
9
Let s be 6/(-4)*21*4/(-18). Let b(k) = 2*k**2 + 2*k + 9. Let v be b(s). What is the highest common divisor of 11 and v?
11
Let k(w) = w**3 + 2*w**2 - 165*w + 20. Let l be k(12). Calculate the highest common divisor of 2296 and l.
56
Let l(c) = -c + 5. Suppose -v + 4*v - 15 = 0. Let o be l(v). Suppose 2*w - 18 = -o*w. What is the highest common divisor of w and 1?
1
Suppose 6*n - 239 = -131. Let l = 3 + -3. Let v = 18 - l. What is the greatest common factor of n and v?
18
Suppose v - 20 = -4*o, -3*v + 32 = -3*o + o. Let q(i) = -11*i - 9*i - 17*i + 61*i. Let k be q(2). What is the highest common factor of v and k?
12
Let f(q) = -q**3 + 19*q**2 + 3*q - 39. Let l be f(19). What is the greatest common factor of 9 and l?
9
Suppose 4*v = 0, -3*z - 3*v + 16 = 1. Calculate the greatest common factor of z and 40.
5
Let h(o) = -9*o**2 - 2*o - 2*o**3 + 3*o**3 + 3 + 5*o**2. Let g be h(5). What is the greatest common factor of g and 198?
18
Suppose i = -0*i - 5*i. Suppose i*u - 1232 = -8*u. Calculate the highest common divisor of u and 14.
14
Let j be (-85)/(-5) - 6/(-2). Let h = 1 + j. Suppose -1655 + 185 = -7*w. What is the greatest common factor of h and w?
21
Let y(d) = 2*d**3 + 47*d**2 + 77*d - 4. Let a be y(-21). Calculate the highest common divisor of 16 and a.
8
Let f = -821 - -847. What is the greatest common divisor of f and 338?
26
Let a(g) = -g**3 + 3*g**2 + 5*g + 8. Let n(u) = u - 23. Let p be n(27). Let f be a(p). What is the highest common divisor of 12 and f?
12
Suppose 3*n - 70 = -4*n. Let t(g) = g**2 - 9*g - 7. Let j be t(n). What is the highest common factor of j and 15?
3
Suppose -4*s = 3*u - 16, s = -2*s + 12. Suppose l + a - 31 = u, -58 = -2*l + 4*a - 20. What is the highest common factor of 189 and l?
27
Let f be (30 - 0)*3*(-14)/(-105). What is the highest common divisor of f and 28?
4
Suppose 0 = 2*g - 6*g + 12, -3*o = -g - 189. Let t be 36/8 - (5/2)/5. Suppose 4*i + t*a = 20, 19 = -5*a + 4. Calculate the highest common factor of o and i.
8
Let c(o) = 89*o - 5. Let y be c(1). Calculate the highest common divisor of 60 and y.
12
Suppose 8 = 3*f - 2*f. Let p(s) = -s**2 + 8*s + 22. Let d be p(10). Suppose 0 = -3*c, 0*x - 5*x - d*c = -160. Calculate the greatest common divisor of f and x.
8
Let d = -337 - -742. Suppose 0 = 6*z - z - d. Suppose 81 = -4*n + 7*n. Calculate the greatest common divisor of n and z.
27
Suppose -v = v - 6. Suppose 89 = v*g - 307. Calculate the greatest common factor of 12 and g.
12
Suppose 23 + 220 = 9*z. Calculate the highest common divisor of z and 54.
27
Suppose 2*r + 2*i + 8 = 0, i = -5*r - i - 8. Let p be (r + 4/8)*80. Suppose -38 - p = -3*g. Calculate the highest common divisor of g and 234.
26
Suppose 14 = 2*g + 5*g. Let j be (g + (-20)/8)*10. Let y(c) = c**3 + 6*c**2 + c + 2. Let p be y(j). Calculate the greatest common factor of p and 33.
11
Suppose h - 5*w = 57, 0*h - h - w = -27. Let r = 13 + 3. What is the greatest common factor of h and r?
16
Suppose -2*z + 104 = 4*d - d, 3*z - 156 = 5*d. What is the highest common factor of 650 and z?
26
Suppose 2*o - 189 = -181. What is the highest common divisor of 130 and o?
2
Let h = 11 + -1. What is the highest common factor of 10 and h?
10
Suppose 2*z - 256 = 5*t, -2*t - 21 = -29. Calculate the greatest common factor of z and 391.
23
Let d be (1050/(-375))/(4/(-30)). What is the highest common factor of 336 and d?
21
Let x(h) = 3*h + 3. Suppose 16*r - 4*r = 36. Let w be x(r). Let q = -4 - -8. What is the greatest common factor of w and q?
4
Let j be 17/4 + -4 - 156/(-16). Calculate the highest common factor of j and 50.
10
Let d be (-18)/3*264/(-72). What is the greatest common factor of 121 and d?
11
Let i(u) = u**2 + 2*u - 28. Let y be i(0). Let s = y + 39. Let w = -8 + s. What is the greatest common divisor of w and 33?
3
Suppose -54*r + 99*r - 18450 = 0. Calculate the greatest common divisor of 656 and r.
82
Suppose -i = 4*l - 16, -i + 2*l + 2*l = 8. Let r = i + 16. What is the greatest common factor of 20 and r?
20
Suppose 145*j = 141*j + 168. What is the highest common divisor of j and 266?
14
Suppose -31*x - 15 = -34*x. What is the highest common factor of 155 and x?
5
Let c = 11 - 9. Suppose 5*a = 3*s - 88, c*a = 5*s - 75 - 59. Calculate the greatest common divisor of 104 and s.
26
Suppose 0*l + 2 = -2*l. Let f(y) = y**2 + y. Let b be f(l). Suppose b = 3*z - z - 34. Calculate the greatest common divisor of 119 and z.
17
Let k(q) = -q**3 + 17*q**2 + q + 10. Let c be k(17). Suppose 29 = 2*p - c. Calculate the greatest common factor of 70 and p.
14
Let g(o) = 12*o - 356. Let n be g(31). Let l be 1181/3 - 2/(-6). Suppose -5*k = -2*m - 688 + 58, 3*k - l = -2*m. What is the greatest common divisor of n and k?
16
Suppose w - 145 = -5*p - 0*w, -p - 4*w + 10 = 0. Let b = 46 - -8. Suppose -46 - b = -5*s. Calculate the highest common divisor of s and p.
10
Let l be (140/(-210))/(2/(-36) + 0). What is the greatest common factor of 156 and l?
12
Let r = -207 - -211. What is the highest common factor of 32 and r?
4
Let b = 33 + -18. Let p = 26 - b. Let g be p - ((-2)/(-2) - -1). Calculate the highest common divisor of g and 6.
3
Let l(s) = -s**3 - 5*s**2 + 2*s. Let c be l(-5). Let m be ((-42)/c)/(1/35). Calculate the highest common divisor of 21 and m.
21
Let m be 16 + (-2)/2*-2. Suppose 7 = -7*f + 42. Suppose -f*v + 7*v = 36. Calculate the highest common divisor of m and v.
18
Let o(p) = 3*p**2 + 3*p + 2. Let b be o(-4). Suppose -b = 3*r - 4*r. Suppose 4*h = m - 48, m - r = -0*m - h. What is the greatest common factor of m and 16?
8
Let y = 2667 + -2660. Calculate the highest common divisor of y and 16.
1
Let v = 60 - 61. Let g be 908*v/(-12) - (-2)/6. Calculate the highest common factor of 4 and g.
4
Let j(k) = 6*k**2 + 2*k - 4. Let t = 0 - 4. Let q be j(t). Suppos